
Calculate the remainder when 412469 is divided by 17186.
5
What is the remainder when 20396196 is divided by 83?
25
Calculate the remainder when 21419294 is divided by 37710.
14
What is the remainder when 6213307 is divided by 1242634?
137
What is the remainder when 332746 is divided by 705?
691
What is the remainder when 4743950 is divided by 2077?
82
Calculate the remainder when 90389 is divided by 392.
229
What is the remainder when 28788581 is divided by 17?
16
What is the remainder when 3993759 is divided by 1996727?
305
What is the remainder when 19365392 is divided by 108?
20
What is the remainder when 674717 is divided by 945?
932
What is the remainder when 1053238 is divided by 33?
10
Calculate the remainder when 25035992 is divided by 200.
192
What is the remainder when 7602875 is divided by 52?
7
What is the remainder when 30680692 is divided by 119?
112
What is the remainder when 20111 is divided by 8417?
3277
What is the remainder when 12319 is divided by 375?
319
Calculate the remainder when 305786 is divided by 42.
26
Calculate the remainder when 715039 is divided by 703.
88
Calculate the remainder when 22114186 is divided by 332.
330
What is the remainder when 157001817 is divided by 52333935?
12
What is the remainder when 12574 is divided by 4099?
277
Calculate the remainder when 35763598 is divided by 75.
73
Calculate the remainder when 101118129 is divided by 81.
78
Calculate the remainder when 3701506 is divided by 1233821.
43
Calculate the remainder when 1667824 is divided by 833553.
718
Calculate the remainder when 19613200 is divided by 7.
5
What is the remainder when 190067 is divided by 2381?
1968
Calculate the remainder when 94492215 is divided by 4424.
4423
What is the remainder when 740348 is divided by 1746?
44
What is the remainder when 11063927 is divided by 114?
113
What is the remainder when 21769297 is divided by 16542?
25
What is the remainder when 10418785 is divided by 25662?
13
Calculate the remainder when 83366 is divided by 5945.
136
Calculate the remainder when 2415808 is divided by 1179.
37
Calculate the remainder when 213471 is divided by 1452.
27
Calculate the remainder when 269222 is divided by 228.
182
What is the remainder when 3594894 is divided by 88?
6
Calculate the remainder when 6940751 is divided by 991534.
13
Calculate the remainder when 198824 is divided by 39589.
879
Calculate the remainder when 1221957 is divided by 17709.
36
Calculate the remainder when 62110857 is divided by 13.
3
Calculate the remainder when 102243 is divided by 54.
21
What is the remainder when 6255 is divided by 1058?
965
What is the remainder when 3339112 is divided by 181?
24
What is the remainder when 193105 is divided by 785?
780
Calculate the remainder when 5922824 is divided by 5922587.
237
What is the remainder when 33528610 is divided by 1800?
10
What is the remainder when 14165519 is divided by 31549?
18
Calculate the remainder when 448861335 is divided by 77.
76
What is the remainder when 2147097 is divided by 1379?
1373
What is the remainder when 13242706 is divided by 40?
26
Calculate the remainder when 3805060 is divided by 41359.
32
What is the remainder when 13470095 is divided by 30?
5
Calculate the remainder when 2798771 is divided by 493.
10
Calculate the remainder when 3047 is divided by 2982.
65
Calculate the remainder when 45632460 is divided by 13246.
13236
What is the remainder when 13447140 is divided by 4897?
4875
Calculate the remainder when 5018662 is divided by 90.
82
Calculate the remainder when 752221 is divided by 44224.
413
Calculate the remainder when 568764 is divided by 110.
64
Calculate the remainder when 44788787 is divided by 324.
323
Calculate the remainder when 288946 is divided by 28.
14
What is the remainder when 6345701 is divided by 2588?
2513
Calculate the remainder when 96259269 is divided by 467278.
1
What is the remainder when 66403856 is divided by 2356?
2352
What is the remainder when 1752144 is divided by 2182?
2180
Calculate the remainder when 1662531 is divided by 27686.
1371
Calculate the remainder when 728284 is divided by 3515.
679
Calculate the remainder when 3445258 is divided by 490.
68
What is the remainder when 4968114 is divided by 1227?
1218
Calculate the remainder when 41208740 is divided by 165.
155
Calculate the remainder when 1725331 is divided by 146.
49
Calculate the remainder when 1173925 is divided by 370.
285
Calculate the remainder when 258591 is divided by 36824.
823
What is the remainder when 88924 is divided by 649?
11
Calculate the remainder when 148939 is divided by 591.
7
Calculate the remainder when 329193 is divided by 946.
931
What is the remainder when 210218 is divided by 1204?
722
What is the remainder when 248425509 is divided by 585?
579
Calculate the remainder when 227593 is divided by 878.
191
Calculate the remainder when 67740651 is divided by 384890.
11
What is the remainder when 50101325 is divided by 304?
301
What is the remainder when 7092713 is divided by 46?
19
What is the remainder when 567418 is divided by 171?
40
Calculate the remainder when 231188 is divided by 4431.
776
Calculate the remainder when 622493 is divided by 847.
795
Calculate the remainder when 493168046 is divided by 127.
122
What is the remainder when 133040 is divided by 44245?
305
What is the remainder when 221518 is divided by 220690?
828
Calculate the remainder when 67410 is divided by 2746.
1506
What is the remainder when 3095076 is divided by 1932?
12
What is the remainder when 38432571 is divided by 114?
93
What is the remainder when 28559 is divided by 1639?
696
Calculate the remainder when 8507 is divided by 6939.
1568
What is the remainder when 90151 is divided by 78?
61
Calculate the remainder when 1668106 is divided by 36.
10
Calculate the remainder when 815381 is divided by 12732.
533
What is the remainder when 4544459 is divided by 735?
689
Calculate the remainder when 81935798 is divided by 3284.
3282
What is the remainder when 67463698 is divided by 4146?
4132
What is the remainder when 605399 is divided by 1499?
1302
Calculate the remainder when 55819 is divided by 9108.
1171
Calculate the remainder when 81576723 is divided by 259.
11
Calculate the remainder when 13785369 is divided by 828.
825
Calculate the remainder when 27769318 is divided by 2314109.
10
Calculate the remainder when 2322707 is divided by 774230.
17
Calculate the remainder when 17063767 is divided by 7878.
19
What is the remainder when 42739689 is divided by 1724?
5
Calculate the remainder when 89146950 is divided by 112.
102
What is the remainder when 22168063 is divided by 422?
403
What is the remainder when 11150997 is divided by 30?
27
What is the remainder when 4751787 is divided by 575?
562
Calculate the remainder when 8632475 is divided by 3737.
5
Calculate the remainder when 25978 is divided by 560.
218
What is the remainder when 80393 is divided by 1606?
93
Calculate the remainder when 63030162 is divided by 1702.
1698
What is the remainder when 604568877 is divided by 100761479?
3
What is the remainder when 938969 is divided by 104274?
503
Calculate the remainder when 1997008 is divided by 2173.
21
Calculate the remainder when 362544 is divided by 1664.
1456
Calculate the remainder when 7553 is divided by 2139.
1136
What is the remainder when 7596502 is divided by 61?
50
Calculate the remainder when 1562725 is divided by 82244.
89
What is the remainder when 6551770 is divided by 35?
15
What is the remainder when 8919430 is divided by 4459686?
58
What is the remainder when 55577322 is divided by 343?
3
What is the remainder when 2011751 is divided by 77375?
1
What is the remainder when 103183342 is divided by 1584?
1582
What is the remainder when 27446 is divided by 27338?
108
Calculate the remainder when 16360032 is divided by 5453343.
3
What is the remainder when 175335937 is divided by 42?
7
What is the remainder when 114977 is divided by 5464?
233
What is the remainder when 271948 is divided by 2482?
1410
What is the remainder when 48332008 is divided by 3452286?
4
Calculate the remainder when 48765 is divided by 581.
542
Calculate the remainder when 39858 is divided by 4664.
2546
What is the remainder when 822379 is divided by 80?
59
Calculate the 